{"id":45,"date":"2023-09-18T11:08:25","date_gmt":"2023-09-18T11:08:25","guid":{"rendered":"https:\/\/new.t-c-c.at\/?page_id=45"},"modified":"2023-10-24T11:50:30","modified_gmt":"2023-10-24T11:50:30","slug":"architektur","status":"publish","type":"page","link":"https:\/\/www.t-c-c.at\/?page_id=45","title":{"rendered":"Architektur"},"content":{"rendered":"\n<p>Die Architekten Henke &amp; Schreieck, Wien, \u00fcberzeugten mit Ihrem Siegerprojekt die international besetzte Architekten- und Expertenjury.<\/p>\n\n\n\n<p><br>Henke &amp; Schreieck:<\/p>\n\n\n\n<p>&#8222;Die Idee f\u00fcr den Entwurf beruht auf der Auseinandersetzung mit einem au\u00dfergew\u00f6hnlichen Kontext.<br>Der Standort f\u00fcr die Privatuniversit\u00e4t befindet sich auf einem Parkgrundst\u00fcck in leichter Hanglage mit wertvollem alten Baumbestand am Rande der Altstadt von Hall.<\/p>\n\n\n\n<p>Das st\u00e4dtebauliche Konzept definiert ein Geb\u00e4udeensemble, welches aus f\u00fcnf pr\u00e4zise gesetzten Solit\u00e4rbauk\u00f6rpern besteht. Die Stellung der einzelnen Geb\u00e4ude zueinander erzeugt zum einen urbane Dichte, zum anderen bleiben der landschaftliche Zusammenhang und die Topographie des Gel\u00e4ndes unver\u00e4ndert erhalten. Die Topographie bestimmt auch das r\u00e4umliche Konzept der einzelnen Geb\u00e4ude, die als Atriumh\u00e4user konzipiert sind. Die Struktur dieser Geb\u00e4ude bietet gleichzeitig maximale Flexibilit\u00e4t und r\u00e4umliches Erlebnis.<\/p>\n\n\n\n<p>Das Erscheinungsbild des Universit\u00e4tsgeb\u00e4udes, ein Kubus von 60 x 60 m, ist gepr\u00e4gt von den geschosshohen Sonnenschutzlamellen, die das gesamte Geb\u00e4ude umh\u00fcllen.<br>Gezielte Einschnitte in den Bauk\u00f6rper definieren strassen- und parkseitig die Eingangsbereiche.<\/p>\n\n\n\n<p>Eine zweigeschossige Aula verbindet das Strassen- mit dem Parkniveau und bildet das r\u00e4umliche Zentrum des Universit\u00e4tsgeb\u00e4udes. Dieser halb\u00f6ffentliche Bereich kann auch optimal als Veranstaltungsraum genutzt werden.<\/p>\n\n\n\n<p>Auf einem \u00e4hnlich r\u00e4umlichen Konzept basiert der Entwurf f\u00fcr das Studentenheim.<\/p>\n\n\n\n<p>Die r\u00e4umliche Mitte dieses Geb\u00e4udes bildet ein offener Innenhof, um den sich Gemeinschaftsr\u00e4ume mit grossz\u00fcgigen Freiterrassen gruppieren. Die einzelnen Zimmer mit jeweils eigener Sanit\u00e4rgruppe \u00f6ffnen sich zum grossartigen umgebenden Landschaftsraum.&#8220;<\/p>\n\n\n\n<p>Henke &amp; Schreieck, Architekten, Wien<\/p>\n\n\n\n<figure class=\"wp-block-image size-large\"><img decoding=\"async\" src=\"https:\/\/www.t-c-c.at\/wp-content\/uploads\/2023\/09\/architektur.jpg\" alt=\"\"\/><\/figure>\n","protected":false},"excerpt":{"rendered":"<p>Die Architekten Henke &amp; Schreieck, Wien, \u00fcberzeugten mit Ihrem Siegerprojekt die international besetzte Architekten- und Expertenjury. Henke &amp; Schreieck: &#8222;Die<\/p>\n","protected":false},"author":1,"featured_media":0,"parent":0,"menu_order":0,"comment_status":"closed","ping_status":"closed","template":"","meta":{"colormag_page_container_layout":"default_layout","colormag_page_sidebar_layout":"default_layout","footnotes":""},"class_list":["post-45","page","type-page","status-publish","hentry"],"_links":{"self":[{"href":"https:\/\/www.t-c-c.at\/index.php?rest_route=\/wp\/v2\/pages\/45","targetHints":{"allow":["GET"]}}],"collection":[{"href":"https:\/\/www.t-c-c.at\/index.php?rest_route=\/wp\/v2\/pages"}],"about":[{"href":"https:\/\/www.t-c-c.at\/index.php?rest_route=\/wp\/v2\/types\/page"}],"author":[{"embeddable":true,"href":"https:\/\/www.t-c-c.at\/index.php?rest_route=\/wp\/v2\/users\/1"}],"replies":[{"embeddable":true,"href":"https:\/\/www.t-c-c.at\/index.php?rest_route=%2Fwp%2Fv2%2Fcomments&post=45"}],"version-history":[{"count":3,"href":"https:\/\/www.t-c-c.at\/index.php?rest_route=\/wp\/v2\/pages\/45\/revisions"}],"predecessor-version":[{"id":341,"href":"https:\/\/www.t-c-c.at\/index.php?rest_route=\/wp\/v2\/pages\/45\/revisions\/341"}],"wp:attachment":[{"href":"https:\/\/www.t-c-c.at\/index.php?rest_route=%2Fwp%2Fv2%2Fmedia&parent=45"}],"curies":[{"name":"wp","href":"https:\/\/api.w.org\/{rel}","templated":true}]}}