{"id":41,"date":"2023-09-18T11:08:25","date_gmt":"2023-09-18T11:08:25","guid":{"rendered":"https:\/\/new.t-c-c.at\/?page_id=41"},"modified":"2023-10-24T11:49:17","modified_gmt":"2023-10-24T11:49:17","slug":"standort","status":"publish","type":"page","link":"https:\/\/www.t-c-c.at\/?page_id=41","title":{"rendered":"Standort"},"content":{"rendered":"\n<p>Das TCC befindet sich auf dem Areal des Eduard-Walln\u00f6fer-Zentrums f\u00fcr Bildung und Innovation in attraktiver Lage im historischen Ambiente von Hall. Die mittelalterliche Stadt feierte 2003 ihr 700-j\u00e4hriges Gr\u00fcndungsjubil\u00e4um.<\/p>\n\n\n\n<figure class=\"wp-block-image size-large\"><img decoding=\"async\" src=\"https:\/\/www.t-c-c.at\/wp-content\/uploads\/2023\/09\/ewz_1.jpg\" alt=\"\"\/><\/figure>\n","protected":false},"excerpt":{"rendered":"<p>Das TCC befindet sich auf dem Areal des Eduard-Walln\u00f6fer-Zentrums f\u00fcr Bildung und Innovation in attraktiver Lage im historischen Ambiente von<\/p>\n","protected":false},"author":1,"featured_media":0,"parent":0,"menu_order":0,"comment_status":"closed","ping_status":"closed","template":"","meta":{"colormag_page_container_layout":"default_layout","colormag_page_sidebar_layout":"default_layout","footnotes":""},"class_list":["post-41","page","type-page","status-publish","hentry"],"_links":{"self":[{"href":"https:\/\/www.t-c-c.at\/index.php?rest_route=\/wp\/v2\/pages\/41","targetHints":{"allow":["GET"]}}],"collection":[{"href":"https:\/\/www.t-c-c.at\/index.php?rest_route=\/wp\/v2\/pages"}],"about":[{"href":"https:\/\/www.t-c-c.at\/index.php?rest_route=\/wp\/v2\/types\/page"}],"author":[{"embeddable":true,"href":"https:\/\/www.t-c-c.at\/index.php?rest_route=\/wp\/v2\/users\/1"}],"replies":[{"embeddable":true,"href":"https:\/\/www.t-c-c.at\/index.php?rest_route=%2Fwp%2Fv2%2Fcomments&post=41"}],"version-history":[{"count":4,"href":"https:\/\/www.t-c-c.at\/index.php?rest_route=\/wp\/v2\/pages\/41\/revisions"}],"predecessor-version":[{"id":338,"href":"https:\/\/www.t-c-c.at\/index.php?rest_route=\/wp\/v2\/pages\/41\/revisions\/338"}],"wp:attachment":[{"href":"https:\/\/www.t-c-c.at\/index.php?rest_route=%2Fwp%2Fv2%2Fmedia&parent=41"}],"curies":[{"name":"wp","href":"https:\/\/api.w.org\/{rel}","templated":true}]}}